{"id":71,"date":"2020-03-17T11:45:15","date_gmt":"2020-03-17T10:45:15","guid":{"rendered":"https:\/\/bogensportverband-salzburg.at\/?page_id=71"},"modified":"2025-12-26T09:29:29","modified_gmt":"2025-12-26T08:29:29","slug":"salzburger-vereine","status":"publish","type":"page","link":"https:\/\/bogensportverband-salzburg.at\/?page_id=71","title":{"rendered":"Salzburger Vereine"},"content":{"rendered":"\n<p>Vereine die im \u00d6sterreichischen Bogensportverband Mitglied sind:<\/p>\n\n\n\n<p class=\"has-primary-color has-text-color has-link-color wp-elements-09aed4ea66b55c745efa9fde9710f411\"><br><br><a href=\"https:\/\/bogensportverein-stuhlfelden-1.jimdosite.com\/\" target=\"_blank\" rel=\"noreferrer noopener\"><strong> 1. Stuhlfeldner Bogensch\u00fctzenverein                        <\/strong><\/a> <br>Lendstra\u00dfe 45<br>5730 Mittersill<br><a href=\"mailto:bsv.stuhlfelden(kwfat)gmail(kwfdot)com\">bsv.stuhlfelden@gmail.com<\/a><br><a href=\"https:\/\/bogensportverein-stuhlfelden-1.jimdosite.com\/\" data-type=\"link\" data-id=\"https:\/\/bogensportverein-stuhlfelden-1.jimdosite.com\/\">https:\/\/bogensportverein-stuhlfelden-1.jimdosite.com\/<\/a><br><strong>Pr\u00e4sident<\/strong> Werner Gandler<a href=\"http:\/\/www.atsv-salzburg.at\/de\/\" target=\"_blank\" rel=\"noreferrer noopener\">                                                                                                                                                                                                <\/a><\/p>\n\n\n\n<p class=\"has-primary-color has-text-color has-link-color wp-elements-441c5e1b3dc919073e1e14b07eb2d497\"><a href=\"http:\/\/www.atsv-salzburg.at\/de\/\" target=\"_blank\" rel=\"noreferrer noopener\"><strong>ATSV Salzburg                        <\/strong><\/a> <br>Josef-Brandst\u00e4tter-Str.6<br>5020 Salzburg<br>+43 664 5809551<br><a href=\"mailto:bogenschiessen(kwfat)gmx(kwfdot)at\">bogenschiessen@gmx.at<\/a><br><a href=\"http:\/\/atsv-salzburg.at\/bogensport-atsv\" data-type=\"link\" data-id=\"http:\/\/atsv-salzburg.at\/bogensport-atsv\">http:\/\/atsv-salzburg.at\/bogensport-atsv<\/a><br><strong>Pr\u00e4sident<\/strong> G\u00fcnther Sch\u00f6llbauer<\/p>\n\n\n\n<p class=\"has-primary-color has-text-color has-link-color wp-elements-63b2cfaff01020d184ffb0eaefea8386\"><a href=\"https:\/\/www.bc-goldenarrows.com\/\" target=\"_blank\" rel=\"noreferrer noopener\"><strong>BC Golden Arrows                        <\/strong><\/a> <br>Sportplatzstr. 9<br>5303 Thalgau<br>+43 664 5728710<br><a href=\"bc-goldenarrows@gmx.at\">bc-goldenarrows@gmx.at<\/a><br><a href=\"https:\/\/www.bc-goldenarrows.com\/\" data-type=\"link\" data-id=\"http:\/\/atsv-salzburg.at\/bogensport-atsv\">https:\/\/www.bc-goldenarrows.com\/<\/a><br><strong>Pr\u00e4sident<\/strong> Erich Sch\u00f6ber<a href=\"http:\/\/www.bogensport-salzburg.org\/\" target=\"_blank\" rel=\"noreferrer noopener\">                                                                                                                                                                                                    <\/a><\/p>\n\n\n\n<p class=\"has-primary-color has-text-color has-link-color wp-elements-dc4f8c3ef6d7385bb15d1a30086930c2\"><a href=\"http:\/\/www.bogensport-salzburg.org\/\" target=\"_blank\" rel=\"noreferrer noopener\"><strong>BC Union Salzburg                        <\/strong><\/a> <br>Zeisigstra\u00dfe 8a<br>5023 Salzburg<br>+43 662 642493<br><a href=\"mailto:info(kwfat)bogensport-salzburg(kwfdot)org\">info@bogensport-salzburg.org<\/a><br><a href=\"https:\/\/www.bogensport-salzburg.org\/\" data-type=\"link\" data-id=\"https:\/\/www.bogensport-salzburg.org\/\">https:\/\/www.bogensport-salzburg.org\/<\/a><br><strong>Pr\u00e4sident<\/strong> Josef Trummer<\/p>\n\n\n\n<p class=\"has-primary-color has-text-color has-link-color wp-elements-998f2d7baab9c9a00193b3ce1705d8aa\"><strong>BSC Union Radstadt <\/strong><br>Maderlehenweg 33<br>5542 Flachau<br>+43 664 4353652<br><a href=\"mailto:norbert.scheruebl(kwfat)aon(kwfdot)at\">norbert.scheruebl@aon.at<\/a><br><strong>Pr\u00e4sident<\/strong> Norbert Scher\u00fcbl<a href=\"http:\/\/www.bsv-salzburg.at.tf\/\" target=\"_blank\" rel=\"noreferrer noopener\">                                                                                                                                                                                                    <\/a><\/p>\n\n\n\n<p class=\"has-primary-color has-text-color has-link-color wp-elements-a7333ca3aa47a8bc0478a5bdbc7ecf77\"><a href=\"http:\/\/www.bsv-salzburg.com\" target=\"_blank\" rel=\"noreferrer noopener\"><strong>BSV Salzburg                        <\/strong><\/a> <br>Am Alterbach 22b<br>5023 Koppl<br>+43 662 640550<br><a href=\"mailto:d.vorderegger(kwfat)aon(kwfdot)at\">d.vorderegger@aon.at<\/a><br><a href=\"https:\/\/www.bsv-salzburg.at\" data-type=\"link\" data-id=\"https:\/\/www.bsv-salzburg.at\">https:\/\/www.bsv-salzburg.at<\/a><br><strong>Pr\u00e4sident <\/strong>Karin Vorderegger<a href=\"http:\/\/www.club3-d.com\" target=\"_blank\" rel=\"noreferrer noopener\">                                                                                                                                                                                                    <\/a><\/p>\n\n\n\n<p class=\"has-primary-color has-text-color has-link-color wp-elements-621c51f2f8a5d7debf777bdf6a46a54f\"><a href=\"http:\/\/www.club3-d.com\" target=\"_blank\" rel=\"noreferrer noopener\"><strong>Club 3-D Austria Bogensport &#8211; HSV Wals                       <\/strong><\/a> <br>Matzingweg 16<br>5300 Hallwang<br>+43 664 2664101 oder +43 664 4600284<br><a href=\"mailto:mail(kwfat)club3-d(kwfdot)com\">mail@club3-d.com<\/a><br><a href=\"https:\/\/www.club3-d.com\/\" data-type=\"link\" data-id=\"https:\/\/www.club3-d.com\/\">https:\/\/www.club3-d.com\/<\/a><br><strong>Pr\u00e4sident<\/strong> Siegfried Zehentmayr<a href=\"http:\/\/www.bogensport-saalfelden.at\/\" target=\"_blank\" rel=\"noreferrer noopener\">                                                                                                                                                                                                    <\/a><\/p>\n\n\n\n<p class=\"has-primary-color has-text-color has-link-color wp-elements-38bd3d8ef03417a80dd954be9dcc1cc9\"><a href=\"http:\/\/www.bogensport-saalfelden.at\/\" target=\"_blank\" rel=\"noreferrer noopener\"><strong>HSV &amp; BSV Saalfelden                        <\/strong><\/a> <br>Pfaffing 32<br>5760 Saalfelden<br>+43 676 7255915<br><a href=\"mailto:hsvneukurt(kwfat)aon(kwfdot)at\">hsvneukurt@aon.at<\/a><br><a href=\"http:\/\/www.bogensport-saalfelden.at\/\" data-type=\"link\" data-id=\"http:\/\/www.bogensport-saalfelden.at\/\">http:\/\/www.bogensport-saalfelden.at\/<\/a><br><strong>Pr\u00e4sident<\/strong> Kurt Neumayr<\/p>\n\n\n\n<p class=\"has-primary-color has-text-color has-link-color wp-elements-156f634bab729f3292a3051a6cda4f69\"><a href=\"http:\/\/www.talagova2002.at\" target=\"_blank\" rel=\"noreferrer noopener\"><strong>Talagova 2002                        <\/strong><\/a> <br>Unterdorfer Stra\u00dfe 14<br>5303 Thalgau<br>+43 664 3929488<br><a href=\"mailto:talagova2002(kwfat)a1(kwfdot)net\">talagova2002@a1.net<\/a><br><a href=\"https:\/\/www.talagova2002.at\/\" data-type=\"link\" data-id=\"https:\/\/www.talagova2002.at\/\">https:\/\/www.talagova2002.at\/<\/a><br><strong>Pr\u00e4sident<\/strong> Matthias Freinberger<a href=\"https:\/\/www.oebsv.com\/ubsc-flachgau\/3-startseite\">                                                                                                                               <\/a><\/p>\n\n\n\n<p class=\"has-primary-color has-text-color has-link-color wp-elements-75926e077772273407c18418db80dd9a\"><a href=\"https:\/\/www.oebsv.com\/ubsc-flachgau\/3-startseite\"><strong>UBSC Flachgau<\/strong><\/a> <br>Fenning 141<br>5302 Henndorf am Wallersee<br>+43 664 2629470<br><a href=\"https:\/\/www.ubsc-flachgau.at\/\" data-type=\"link\" data-id=\"https:\/\/www.ubsc-flachgau.at\/\">https:\/\/www.ubsc-flachgau.at\/<\/a><br><a href=\"mailto:office(kwfat)ubsc-flachgau(kwfdot)at\">office@ubsc-flachgau.at<\/a><br><strong>Pr\u00e4sident<\/strong> Felix jun. Neuhofer<a href=\"http:\/\/www.bscniedernsill.at\" target=\"_blank\" rel=\"noreferrer noopener\">                                                                                                                                                                                                   <\/a><\/p>\n\n\n\n<p class=\"has-primary-color has-text-color has-link-color wp-elements-ffc223de90621ba68b2f0964fca99f5a\"><a href=\"http:\/\/www.bscniedernsill.at\" target=\"_blank\" rel=\"noreferrer noopener\"><strong>BSC Niedernsill                        <\/strong><\/a> <br>Winklmannweg 1a<br>5722 Niedernsill<br>+43 660 1376553<br><a href=\"info@appartment-auernigg.at\">info@appartment-auernigg.at<\/a><br><a href=\"http:\/\/www.bscniedernsill.at\/\" data-type=\"link\" data-id=\"http:\/\/www.bscniedernsill.at\/\">http:\/\/www.bscniedernsill.at\/<\/a><br><strong>Pr\u00e4sident <\/strong>Engelbert Auernigg<a href=\"http:\/\/www.bsv-oberkrammern.com\" target=\"_blank\" rel=\"noreferrer noopener\">                                                                                                                                                                                                 <\/a><\/p>\n\n\n\n<p class=\"has-primary-color has-text-color has-link-color wp-elements-bc6e3cbd90b974da8e5d838772e5974e\"><strong><a href=\"http:\/\/www.bsv-oberkrammern.com\" target=\"_blank\" rel=\"noreferrer noopener\">BSV Oberkrammern                        <\/a> <\/strong><br>Leiten 26<br>5733 Bramberg<br>+43 664 1248870 oder +43 660 5589977<br><a href=\"mailto:k.isabella(kwfat)sbg(kwfdot)at\">k.isabella@sbg.at<\/a><br><a href=\"https:\/\/www.bsv-oberkrammern.com\/\" data-type=\"link\" data-id=\"https:\/\/www.bsv-oberkrammern.com\/\">https:\/\/www.bsv-oberkrammern.com\/<\/a><br><strong>Pr\u00e4sident<\/strong> Isabella St\u00f6ckl<a href=\"http:\/\/www.bogensport-lungau.at\/\" target=\"_blank\" rel=\"noreferrer noopener\">                                                                                                                                                                                                    <\/a><\/p>\n\n\n\n<p class=\"has-primary-color has-text-color has-link-color wp-elements-db0cfc22483006c382dfaf8e0f8dd4a8\"><a href=\"http:\/\/www.bogensport-lungau.at\/\" target=\"_blank\" rel=\"noreferrer noopener\"><strong>Bogensport Lungau                        <\/strong><\/a> <br>Markt 308<br>5570 Mauterndorf<br>+43 664 2055072<br><a href=\"mailto:wilfried_loecker(kwfat)yahoo(kwfdot)de\">wilfried_loecker@yahoo.de<\/a><br><a href=\"https:\/\/www.bogensport-lungau.at\/\" data-type=\"link\" data-id=\"https:\/\/www.bogensport-lungau.at\/\">https:\/\/www.bogensport-lungau.at\/<\/a><br><strong>Pr\u00e4sident <\/strong>Wilfried L\u00f6cker <a href=\"http:\/\/www.glemmerhof.at\/\" target=\"_blank\" rel=\"noreferrer noopener\">                                                                                                                                                                                                    <\/a><\/p>\n\n\n\n<p class=\"has-primary-color has-text-color has-link-color wp-elements-0c52b4690364773f15224e78e4357abd\"><a href=\"http:\/\/www.glemmerhof.at\/\" target=\"_blank\" rel=\"noreferrer noopener\"><strong>BSV Glemmerhof                        <\/strong><\/a> <br>Glemmerstr. 218<br>5752 Viehhofen<br>+43 664 4091199<br><a href=\"mailto:bsv(kwfat)glemmerhof(kwfdot)at\">bsv@glemmerhof.at<\/a><br><a href=\"https:\/\/www.glemmerhof.at\/bsv-glemmerhof\/\" data-type=\"link\" data-id=\"https:\/\/www.glemmerhof.at\/bsv-glemmerhof\/\">https:\/\/www.glemmerhof.at\/bsv-glemmerhof\/<\/a><br><strong>Pr\u00e4sident <\/strong>Bernhard Ronacher<\/p>\n\n\n\n<p class=\"has-primary-color has-text-color has-link-color wp-elements-c8f8fba41d697fb3ab4538100dfb86e2\"><a href=\"http:\/\/www.jbc-gastein.at\/\" target=\"_blank\" rel=\"noreferrer noopener\"><strong> JBC Gastein     <\/strong>                   <\/a> <br>Schmelzgasse 6<br>5640 Bad Gastein<br>+43 664 388 26 27<br><a href=\"mailto:info(kwfat)jbc-gastein(kwfdot)at\">info@jbc-gastein.at<\/a><br><a href=\"https:\/\/jbc-gastein.at\/\" data-type=\"link\" data-id=\"https:\/\/jbc-gastein.at\/\">https:\/\/jbc-gastein.at\/<\/a><br><strong>Pr\u00e4sident <\/strong>Gerhard Purkrabek<a href=\"http:\/\/sv-duerrnberg.wixsite.com\/sv-duerrnberg\/untitled-ccjb\" target=\"_blank\" rel=\"noreferrer noopener\">                                                                                                                                                                                                <\/a><a href=\"http:\/\/www.ubsv-glemmtal.at\" target=\"_blank\" rel=\"noreferrer noopener\">                                                                                                                                                                                                 <\/a><\/p>\n\n\n\n<p class=\"has-primary-color has-text-color has-link-color wp-elements-fe3d34e2028f1a5987f8b98ba54f8502\"><a href=\"http:\/\/www.ubsv-glemmtal.at\" target=\"_blank\" rel=\"noreferrer noopener\"><strong>UBSV Glemmtal    <\/strong>                    <\/a> <br>Glemmerstra\u00dfe 218<br>5752 Viehhofen<br>+43 664 4206991<br><a href=\"mailto:info(kwfat)ubsv-glemmtal(kwfdot)at\">info@ubsv-glemmtal.at<\/a><br><a href=\"http:\/\/www.ubsv-glemmtal.at\/\" data-type=\"link\" data-id=\"http:\/\/www.ubsv-glemmtal.at\/\">http:\/\/www.ubsv-glemmtal.at\/<\/a><br><strong>Pr\u00e4sident <\/strong>Richard Ronacher<\/p>\n\n\n\n<p class=\"has-primary-color has-text-color has-link-color wp-elements-c7c0794d69db2b0ade5cbdbe314f9699\"><strong>Bowfire Sch\u00f6rhof <\/strong><br>Zeller Stra\u00dfe 6<br>5761 Bruck a.d. Glstr.<br>+43 650 5206072<br><a href=\"mailto:bowfire.schoerhof(kwfat)gmail(kwfdot)com\">bowfire.schoerhof@gmail.com<\/a><br><strong>Pr\u00e4sident<\/strong> Andreas M\u00fcnch<\/p>\n\n\n\n<p class=\"has-primary-color has-text-color has-link-color wp-elements-b38b3715716bc25eb8505344fa2c7a65\"><a href=\"https:\/\/bsc-sagitta.at\/\"><strong>BSC Sagitta<\/strong><\/a><br>Neu Reinbach 22<br>5600 St. Johann im Pongau<br>+43 676 6198036<br><a href=\"mailto:bowfire.schoerhof(kwfat)gmail(kwfdot)com\"><\/a><a href=\"mailto:info-bscsagitta@sbg.at\"><strong>info-bscsagitta@sbg.at<\/strong><\/a><br><strong>Pr\u00e4sident<\/strong> Eicher Herbert<\/p>\n\n\n\n<p class=\"has-primary-color has-text-color has-link-color wp-elements-f5e263a58937e0f9e89a6498c623c36e\"><strong><a href=\"http:\/\/www.panorama-bogensport.at\">Bogensportverein Stockenbaum   <\/a> <\/strong><br>Reitlehen 48\/1<br>5731 Hollersbach im Pinzgau<br>+43 664 38 99 462<br><a href=\"mailto:info@panorama-bogensport.at\">info@panorama-bogensport.at<\/a><br><a href=\"https:\/\/www.panorama-bogensport.at\/\" data-type=\"link\" data-id=\"https:\/\/www.panorama-bogensport.at\/\">https:\/\/www.panorama-bogensport.at\/<\/a><br><strong>Pr\u00e4sident<\/strong> Christian Vorderegger<br>Kontaktperson: Sandra Feiel<\/p>\n\n\n\n<p class=\"has-primary-color has-text-color has-link-color wp-elements-1828afbe592bb5d3ad448841ade21559\"><strong>\u00d6WSW Salzburg<\/strong><br>Guetatweg 24<br>5020 Salzburg<br>+43 <a href=\"tel:06642444472\">06642444472<\/a><br><a href=\"mailto:bogen@wasserschutzwacht.com\">bogen@wasserschutzwacht.com<\/a><br><strong>Pr\u00e4sident<\/strong> Peter Baldemair<\/p>\n\n\n\n<p class=\"has-primary-color has-text-color has-link-color wp-elements-fbee068b3358c90e85f8a954a0561d02\"><strong><a href=\"https:\/\/www.jbc-rauris.at\/\">Jagdbogen Club Rauris<\/a><\/strong><br>Rauriserstra\u00dfe 46<br>5661 Rauris<br>+43 65447105<br><a href=\"mailto:verein@jbc-rauris.at\">verein@jbc-rauris.at<\/a><br><a href=\"https:\/\/www.jbc-rauris.at\/\">https:\/\/www.jbc-rauris.at\/<\/a><br>Pr\u00e4sident: Anton Ri\u00dflegger<\/p>\n\n\n\n<p><strong>BSV B\u00f6ckstein<\/strong><br>Goldbergstra\u00dfe 5<br>5645 Bad Gastein<br>bsv-boeckstein@outlook.com<br>Pr\u00e4sident: Rauter Ronnie<br><\/p>\n\n\n\n<p><\/p>\n","protected":false},"excerpt":{"rendered":"<p>Vereine die im \u00d6sterreichischen Bogensportverband Mitglied sind: 1. Stuhlfeldner Bogensch\u00fctzenverein Lendstra\u00dfe 455730 Mittersillbsv.stuhlfelden@gmail.comhttps:\/\/bogensportverein-stuhlfelden-1.jimdosite.com\/Pr\u00e4sident Werner Gandler ATSV Salzburg Josef-Brandst\u00e4tter-Str.65020 Salzburg+43 664&hellip;<\/p>\n","protected":false},"author":1,"featured_media":69,"parent":0,"menu_order":0,"comment_status":"closed","ping_status":"closed","template":"","meta":{"footnotes":""},"class_list":["post-71","page","type-page","status-publish","has-post-thumbnail","hentry"],"_links":{"self":[{"href":"https:\/\/bogensportverband-salzburg.at\/index.php?rest_route=\/wp\/v2\/pages\/71","targetHints":{"allow":["GET"]}}],"collection":[{"href":"https:\/\/bogensportverband-salzburg.at\/index.php?rest_route=\/wp\/v2\/pages"}],"about":[{"href":"https:\/\/bogensportverband-salzburg.at\/index.php?rest_route=\/wp\/v2\/types\/page"}],"author":[{"embeddable":true,"href":"https:\/\/bogensportverband-salzburg.at\/index.php?rest_route=\/wp\/v2\/users\/1"}],"replies":[{"embeddable":true,"href":"https:\/\/bogensportverband-salzburg.at\/index.php?rest_route=%2Fwp%2Fv2%2Fcomments&post=71"}],"version-history":[{"count":19,"href":"https:\/\/bogensportverband-salzburg.at\/index.php?rest_route=\/wp\/v2\/pages\/71\/revisions"}],"predecessor-version":[{"id":535,"href":"https:\/\/bogensportverband-salzburg.at\/index.php?rest_route=\/wp\/v2\/pages\/71\/revisions\/535"}],"wp:featuredmedia":[{"embeddable":true,"href":"https:\/\/bogensportverband-salzburg.at\/index.php?rest_route=\/wp\/v2\/media\/69"}],"wp:attachment":[{"href":"https:\/\/bogensportverband-salzburg.at\/index.php?rest_route=%2Fwp%2Fv2%2Fmedia&parent=71"}],"curies":[{"name":"wp","href":"https:\/\/api.w.org\/{rel}","templated":true}]}}