{"id":27,"date":"2020-03-17T10:53:28","date_gmt":"2020-03-17T09:53:28","guid":{"rendered":"https:\/\/bogensportverband-salzburg.at\/?page_id=27"},"modified":"2022-08-24T08:36:39","modified_gmt":"2022-08-24T06:36:39","slug":"kontakt","status":"publish","type":"page","link":"https:\/\/bogensportverband-salzburg.at\/?page_id=27","title":{"rendered":"Kontakt"},"content":{"rendered":"\n<p>Salzburger Bogensportverband<br>Pr\u00e4sidentin Ingrid Ronacher<br>ingrid@der-fotoigel.at<br>Tel. +43 664 1000 181<br>Sch\u00f6nwiesenstra\u00dfe 1\/11<br>5710 Kaprun<\/p>\n","protected":false},"excerpt":{"rendered":"<p>Salzburger BogensportverbandPr\u00e4sidentin Ingrid Ronacheringrid@der-fotoigel.atTel. +43 664 1000 181Sch\u00f6nwiesenstra\u00dfe 1\/115710 Kaprun<\/p>\n","protected":false},"author":1,"featured_media":69,"parent":0,"menu_order":0,"comment_status":"closed","ping_status":"closed","template":"","meta":{"footnotes":""},"class_list":["post-27","page","type-page","status-publish","has-post-thumbnail","hentry"],"_links":{"self":[{"href":"https:\/\/bogensportverband-salzburg.at\/index.php?rest_route=\/wp\/v2\/pages\/27","targetHints":{"allow":["GET"]}}],"collection":[{"href":"https:\/\/bogensportverband-salzburg.at\/index.php?rest_route=\/wp\/v2\/pages"}],"about":[{"href":"https:\/\/bogensportverband-salzburg.at\/index.php?rest_route=\/wp\/v2\/types\/page"}],"author":[{"embeddable":true,"href":"https:\/\/bogensportverband-salzburg.at\/index.php?rest_route=\/wp\/v2\/users\/1"}],"replies":[{"embeddable":true,"href":"https:\/\/bogensportverband-salzburg.at\/index.php?rest_route=%2Fwp%2Fv2%2Fcomments&post=27"}],"version-history":[{"count":4,"href":"https:\/\/bogensportverband-salzburg.at\/index.php?rest_route=\/wp\/v2\/pages\/27\/revisions"}],"predecessor-version":[{"id":275,"href":"https:\/\/bogensportverband-salzburg.at\/index.php?rest_route=\/wp\/v2\/pages\/27\/revisions\/275"}],"wp:featuredmedia":[{"embeddable":true,"href":"https:\/\/bogensportverband-salzburg.at\/index.php?rest_route=\/wp\/v2\/media\/69"}],"wp:attachment":[{"href":"https:\/\/bogensportverband-salzburg.at\/index.php?rest_route=%2Fwp%2Fv2%2Fmedia&parent=27"}],"curies":[{"name":"wp","href":"https:\/\/api.w.org\/{rel}","templated":true}]}}